. What is the units digit of w(21)?
3
Suppose 0 = -38*c - 11*c + 29106. Let k = c + -230. What is the hundreds digit of k?
3
Let g be (-33)/2 + (-5)/(-10). Let l be 6/(-8) - 12/g. Suppose b = -2*h + 51, l = 4*h + b - 120 + 19. What is the units digit of h?
5
Let f(h) = 271*h**2 + 124*h - 829. What is the units digit of f(7)?
8
Suppose -26*k + 27 = -23*k. Let g(v) = 4*v + 21. Let l be g(k). Suppose -30 = -j + l. What is the units digit of j?
7
Suppose -6*d + 98420 - 32888 = 0. What is the units digit of d?
2
Let w(f) be the first derivative of 113*f**2/2 + 28*f - 79. What is the thousands digit of w(10)?
1
Let c(o) = -4*o + 7. Let y(f) = f - 1. Let v be y(3). Let n be c(v). Let q(g) = -41*g**3 + g**2 - g - 1. What is the units digit of q(n)?
2
Let l(h) = 1. Let i(o) = o + 3. Let x(k) = i(k) - 2*l(k). Let a be x(0). What is the units digit of 121 + a + -1 - 0?
1
Let d(p) = -p**2 - 25*p - 14. Suppose 0 = -7*s - s - 64. Let k = s + -5. What is the units digit of d(k)?
2
Suppose -48*l = -50*l + 1658. Let r = 1219 - l. What is the units digit of r?
0
Let t = -108 - -41. Let o be (48/5)/((-66)/220). Let z = o - t. What is the tens digit of z?
3
Let x be 38/6 + 22/33. Suppose 4*u + 351 = 3*h, -4*u + x*u = 0. Suppose 6*a - 3*a = h. What is the units digit of a?
9
Suppose 2*r - r = 2*w + 449, 0 = -5*r - 4*w + 2175. Suppose -r = 8*g - 2439. Suppose g = 3*y - 92. What is the tens digit of y?
1
Suppose k - 31 = -22. Suppose 0*n - 2025 = -k*n. What is the units digit of n?
5
Suppose 5*c + 20 = 0, 20 = 2*l - c - 0. Suppose 2*h - 2 = l. Suppose 222 = 4*k - 3*k - h*a, -4*a - 952 = -4*k. What is the tens digit of k?
4
Let f = 35340 - 17152. What is the hundreds digit of f?
1
Let w(m) = -m + 7. Let k be w(7). Suppose -5*l + 3*y + 281 = 0, k*y - 214 = -4*l - 3*y. What is the units digit of l?
5
Let w = -234 - -166. Let o be (w/20 - -3)*-100. Let j = 11 + o. What is the tens digit of j?
5
Suppose -7*j = 6*j - 26. Suppose w - 178 = -4*v, 3*v - j*v + 869 = 5*w. What is the tens digit of w?
7
Let m(a) = a**3 - 10*a**2 + 14*a - 25. Let n be m(11). Suppose 5*q = 4*q + r + n, -247 = -q - 2*r. What is the tens digit of q?
4
Let z be -3 - 18/(-3) - 255. Let b = 374 + z. Suppose -b = -4*a - 18. What is the tens digit of a?
2
Let a(c) be the second derivative of 22*c**3/3 + 111*c**2/2 + 129*c. What is the tens digit of a(8)?
6
Suppose 70 = 5*w - 10*w. Let z(h) = -h**3 - 13*h**2 + 5*h + 18. Let o be z(w). Let p = o - 60. What is the tens digit of p?
8
Let g = 392 + -381. Suppose g*f - 8423 = 3490. What is the units digit of f?
3
Let m(z) = -5*z**3 + 19*z**2 - 4. Let p be m(-9). Suppose 2*c - 30*w = -27*w + 3452, -3*c + 4*w + p = 0. What is the units digit of c?
2
Let f be 3*(-2 + 10/3). Suppose 14*b = 2642 - 1662. Suppose f*y - b = -18. What is the units digit of y?
3
Let x(w) = 19*w**2 + 86*w - 294. What is the tens digit of x(25)?
3
Let d = 34366 + -23305. What is the units digit of d?
1
Let v(w) = -50*w + 616. What is the hundreds digit of v(-31)?
1
Let u(o) = 2*o - 95. Let x be u(-5). What is the units digit of (2*-105)/(x/(-28) + -4)?
0
Suppose 27*z - 7985 = 610153. What is the units digit of z?
4
Let w = 27623 + 2892. What is the units digit of w?
5
Let r = -147 + 151. Suppose 0 = r*s - w - 999, 0*w - 747 = -3*s + 3*w. What is the units digit of s?
0
What is the thousands digit of (493568/96)/(62/15 - 4)?
8
Suppose 64 = -13*b + 19 + 721. Let o = 621 - 438. Suppose 0 = -5*t + b + o. What is the tens digit of t?
4
Suppose -q + 3*q + 85820 = 2*z, 0 = 2*z - 5*q - 85847. What is the units digit of z?
1
Suppose 2*h - 160 = -14*h. Suppose 5*l - 15 = -0*l, 5*i = 5*l + h. Suppose -13 + 113 = i*k. What is the tens digit of k?
2
Let v(d) = -2*d**3 - 8*d**2 + 40*d + 189. What is the tens digit of v(-9)?
3
Suppose 3*v = -3*r + 464 + 2086, v + 2 = 0. Let w = -369 + r. What is the tens digit of w?
8
Suppose 59200 = 4*c - 13*k + 11*k, -14815 = -c + 3*k. What is the hundreds digit of c?
7
Suppose 0 = 2*v + 3*q - 174, -q = 4*v - 0*q - 358. Suppose -h = 5*t - 421, -331 = -h - 3*t + v. What is the tens digit of h?
2
Let a = 4 - 0. Suppose -4*g = -3*r + 285 + 382, 884 = a*r - 4*g. What is the tens digit of r?
1
Suppose 0 = -5*q - 5*k - 305, 0*q - 3*q - 5*k = 175. Let c = q - -451. What is the units digit of c/14 - (-16)/(-28)?
7
What is the thousands digit of (-16098)/(-14) - ((-864)/(-126) - 7)?
1
Let j(v) be the first derivative of v**4/4 + v**3 - v**2 - 3*v - 188. Let q be (-36)/(-8)*4/(-6). What is the units digit of j(q)?
3
Let d(b) = 2*b**3 + 12*b**2 - 6. Let l be d(-6). Let w = 143 - 95. What is the tens digit of -76*l/(w/10)?
9
Let x be 24/(-30)*(-1 - 13/2). Suppose -x*g - 5642 = -20*g. What is the hundreds digit of g?
4
Let j = -64 + 122. Let x be (-7)/(-5)*(-2 + 7) - 5. Suppose x*b + 2*l - j = -b, -4*b + 3*l + 49 = 0. What is the units digit of b?
6
Suppose -144244 = -4*n + 4*b, 4*n - 77610 = 2*b + 66648. What is the thousands digit of n?
6
Suppose 4*n - 3036 = 5*q, -4 - 8 = 3*q. Let w = n - 539. Suppose 0 = 4*a - w - 105. What is the units digit of a?
0
Let d(b) = -23*b**2 - 105*b - 119. Let c(n) = 5*n**2 + 21*n + 24. Let l(r) = 11*c(r) + 2*d(r). What is the hundreds digit of l(-8)?
4
Let y(u) = -1064*u + 54. Let p be y(-4). Suppose 0*a - 4*a + 4298 = -b, 5*b = -4*a + p. What is the thousands digit of a?
1
Suppose 3*f - 1 - 4 = 4*l, -2*l + 1 = -5*f. Let y be -27*4/(-12) - f. Suppose -50 = -y*t + 8*t. What is the units digit of t?
5
Suppose 3*z + 42 = 5*w, -w + z - 3*z = -11. Let t(l) = 57*l - 186. What is the tens digit of t(w)?
2
Suppose w - 19589 - 11562 + 5576 = 0. What is the units digit of w?
5
Let a be (-4 + 6)/2 - 123. Let k = a + 260. Let d = k + 39. What is the hundreds digit of d?
1
What is the thousands digit of (1136421/(-44) + 6)/(6/(-8))?
4
Suppose 22*r - 17*r + 5*y = 33540, 6*y = 5*r - 33518. What is the thousands digit of r?
6
Suppose 3*l + 285 = 5*w + 2*l, -l - 169 = -3*w. Suppose -w*i + 5544 = -46*i. What is the tens digit of i?
6
Let f = 248 + -127. Let m = f + -93. Suppose 0 = 4*n + 16, -2*h - m = -n - 266. What is the tens digit of h?
1
Let a(h) = 9*h - 39. Let u be a(7). Suppose u*j - 623 - 865 = 0. What is the tens digit of j?
6
Let i(c) = 6117*c - 11*c**2 + 14*c**2 + 24 + 3*c**2 - 6118*c. Let v(z) = z**2 - 4*z. Let d be v(5). What is the tens digit of i(d)?
6
Suppose 23*n - 10930 + 3133 = 0. What is the units digit of n?
9
Let p = -8205 + 54973. What is the ten thousands digit of p?
4
Suppose 12*y = -5*y + 246466. What is the thousands digit of y?
4
Suppose 0 = -53*s + 67*s - 59010. What is the tens digit of s?
1
What is the hundreds digit of 985/2*10*252/30 - 2?
3
Let c = 2750 - -547. What is the thousands digit of c?
3
Let x(i) = 23516*i**2 - 10*i - 10. What is the hundreds digit of x(-1)?
5
Let u(d) = -d**2 - d + 16. Let q be u(4). What is the tens digit of ((-156)/15)/(q/270)?
0
Suppose -38 + 18 = -4*p. Suppose -5*l + 5*c + 344 = 2*c, 3*l + p*c = 220. What is the units digit of l?
0
Let o = -2476 - -2482. Suppose 3*t + 2*t = 2160. Suppose o*q = -3*q + t. What is the tens digit of q?
4
Suppose -6051 = 109*i - 110*i. What is the units digit of i?
1
Let x = -28196 + 50889. What is the ten thousands digit of x?
2
Let y(j) = j**2 + 26*j + 52. Let p be y(-24). Suppose -5*k = -p*z + 410, -3*k - 309 = -9*z + 6*z. What is the tens digit of z?
0
Suppose -5*h - 5*l = -31055, 5*l - 12418 = -2*h + 2*l. What is the units digit of h?
5
Let s = -90 + 52. Let i = 211 - s. What is the units digit of i?
9
Let y be (-82364)/(-58) - (-52)/(-754). Suppose 0 = 665*u - 661*u - y. What is the units digit of u?
5
Let v(b) = -56*b + 678. Let z(f) = -4. Let n(i) = v(i) + 10*z(i). What is the tens digit of n(0)?
3
Let s = 213 + -208. What is the hundreds digit of 8/12*(4197/6 - s)?
4
Suppose -2*g - 1 = -0*l + 3*l, -26 = -5*g + 2*l. Suppose -12 = 3*f, -g*x + 3160 = 2*f - f. What is the units digit of x?
1
Let t = 40 + -45. Let p = t - -9. Suppose -m + 49 = -2*a, -m + 90 = m + p*a. What is the units digit of m?
7
Suppose -85*d + 20967 + 559249 = 19*d. What is the units digit of d?
9
Let s(h) = 31*h**2 + 8*h + 0 + 30 + 2*h + 3*h - 15. What is the thousands digit of s(-6)?
1
Let q = 5387 + 6454. What is the hundreds digit of q?
8
Suppose 0 = -f - 5*o + 12728, 4*f = 5*o + 78983 -